1 and 11.
11
Calculate the highest common divisor of 66 and 88.
22
What is the highest common divisor of 12 and 17004?
12
Calculate the greatest common factor of 575 and 207.
23
What is the greatest common divisor of 30 and 10650?
30
Calculate the highest common divisor of 25 and 120.
5
Calculate the highest common divisor of 1611 and 895.
179
Calculate the highest common divisor of 11 and 88.
11
Calculate the greatest common factor of 6 and 48.
6
Calculate the greatest common divisor of 54 and 5418.
18
Calculate the greatest common divisor of 298 and 30545.
149
Calculate the greatest common divisor of 763 and 4469.
109
What is the greatest common divisor of 120 and 216?
24
What is the highest common divisor of 21 and 6797?
7
Calculate the highest common divisor of 22 and 77.
11
Calculate the highest common divisor of 22 and 4.
2
Calculate the greatest common divisor of 14 and 142.
2
What is the highest common factor of 775 and 4675?
25
What is the greatest common factor of 17172 and 324?
324
Calculate the greatest common divisor of 4070 and 110.
110
What is the greatest common divisor of 20427 and 33?
33
Calculate the highest common factor of 256 and 40.
8
Calculate the greatest common factor of 570 and 480.
30
Calculate the greatest common divisor of 9 and 2475.
9
Calculate the highest common factor of 67 and 16281.
67
What is the highest common factor of 28 and 4?
4
What is the greatest common divisor of 29 and 88?
1
Calculate the highest common factor of 1001 and 5577.
143
Calculate the highest common factor of 774 and 9.
9
What is the highest common factor of 64 and 416?
32
Calculate the highest common divisor of 8 and 856.
8
Calculate the highest common factor of 14 and 399.
7
What is the highest common divisor of 16 and 1424?
16
Calculate the highest common divisor of 48 and 14652.
12
What is the highest common factor of 4 and 33164?
4
Calculate the highest common factor of 252 and 2240.
28
Calculate the greatest common factor of 69 and 9.
3
What is the greatest common divisor of 1331 and 2057?
121
What is the highest common divisor of 1394 and 82?
82
Calculate the highest common factor of 175 and 49.
7
What is the greatest common divisor of 19060 and 20?
20
What is the highest common divisor of 282 and 1?
1
What is the greatest common divisor of 1680 and 21?
21
What is the highest common factor of 111 and 1147?
37
Calculate the greatest common factor of 1239 and 59.
59
Calculate the greatest common divisor of 4680 and 208.
104
What is the highest common factor of 51 and 2805?
51
Calculate the greatest common divisor of 731 and 17.
17
Calculate the greatest common factor of 32 and 584.
8
What is the highest common divisor of 1798 and 116?
58
Calculate the greatest common divisor of 80 and 130.
10
Calculate the greatest common divisor of 75 and 2325.
75
What is the greatest common factor of 2520 and 672?
168
Calculate the greatest common divisor of 39 and 1807.
13
What is the highest common factor of 1972 and 58?
58
Calculate the greatest common factor of 1430 and 78.
26
What is the greatest common divisor of 26 and 26?
26
What is the greatest common divisor of 25 and 3125?
25
What is the highest common divisor of 46 and 506?
46
What is the highest common factor of 1408 and 1936?
176
What is the highest common factor of 115 and 440?
5
What is the highest common divisor of 230 and 5635?
115
Calculate the highest common divisor of 1104 and 1794.
138
Calculate the greatest common divisor of 8 and 1688.
8
What is the highest common factor of 166 and 581?
83
What is the highest common divisor of 8 and 232?
8
What is the greatest common factor of 18 and 123?
3
What is the greatest common divisor of 175 and 245?
35
What is the highest common divisor of 3060 and 1326?
102
What is the greatest common factor of 1048 and 1703?
131
What is the greatest common factor of 6350 and 200?
50
What is the greatest common factor of 54 and 16?
2
What is the greatest common divisor of 1088 and 2312?
136
What is the highest common divisor of 44 and 6908?
44
Calculate the greatest common divisor of 219 and 426.
3
Calculate the greatest common divisor of 1206 and 90.
18
What is the greatest common factor of 120 and 408?
24
Calculate the greatest common divisor of 5159 and 77.
77
What is the greatest common divisor of 7500 and 12?
12
What is the highest common divisor of 1175 and 517?
47
Calculate the greatest common divisor of 2000 and 48.
16
Calculate the highest common factor of 603 and 9.
9
What is the highest common factor of 18 and 450?
18
Calculate the highest common factor of 200 and 275.
25
Calculate the highest common divisor of 198 and 352.
22
What is the greatest common factor of 1776 and 777?
111
Calculate the highest common factor of 24 and 328.
8
What is the greatest common factor of 1050 and 10?
10
What is the greatest common factor of 36 and 414?
18
Calculate the highest common divisor of 872 and 16.
8
Calculate the highest common factor of 63 and 45.
9
What is the highest common divisor of 1960 and 455?
35
Calculate the highest common factor of 30873 and 123.
123
Calculate the greatest common divisor of 840 and 12.
12
Calculate the highest common divisor of 77 and 99.
11
What is the greatest common divisor of 396 and 220?
44
What is the greatest common factor of 546 and 858?
78
Calculate the highest common divisor of 5217 and 148.
37
Calculate the highest common factor of 1002 and 6.
6
Calculate the highest common divisor of 612 and 36.
36
What is the greatest common factor of 6 and 74?
2
Calculate the greatest common factor of 252 and 924.
84
Calculate the highest common factor of 2300 and 60.
20
Calculate the highest common factor of 2830 and 50.
10
What is the highest common divisor of 109 and 35098?
109
What is the highest common divisor of 84 and 224?
28
What is the highest common factor of 152 and 4392?
8
What is the greatest common factor of 119 and 1632?
17
Calculate the highest common factor of 219 and 21.
3
Calculate the greatest common divisor of 54 and 138.
6
What is the highest common divisor of 2 and 709?
1
Calculate the greatest common divisor of 713 and 62.
31
Calculate the highest common factor of 162 and 2187.
81
Calculate the greatest common factor of 16640 and 130.
130
What is the highest common factor of 445 and 178?
89
What is the greatest common factor of 1691 and 19?
19
What is the greatest common factor of 37 and 1184?
37
What is the greatest common factor of 135 and 243?
27
What is the highest common factor of 200 and 2425?
25
Calculate the highest common factor of 117 and 13338.
117
What is the greatest common divisor of 1424 and 272?
16
Calculate the highest common divisor of 54327 and 273.
273
What is the greatest common divisor of 325 and 75?
25
What is the highest common factor of 418 and 44?
22
Calculate the greatest common divisor of 760 and 60.
20
Calculate the highest common factor of 56 and 1372.
28
What is the greatest common divisor of 35995 and 345?
115
What is the greatest common divisor of 3 and 11643?
3
What is the highest common divisor of 820 and 1480?
20
Calculate the highest common factor of 1136 and 20.
4
Calculate the greatest common factor of 39 and 3965.
13
Calculate the highest common factor of 608 and 32.
32
What is the greatest common factor of 126 and 5166?
126
Calculate the highest common factor of 20224 and 79.
79
What is the highest common factor of 76 and 133?
19
Calculate the greatest common factor of 1810 and 30.
10
Calculate the highest common divisor of 8036 and 441.
49
Calculate the greatest common divisor of 21918 and 130.
26
What is the greatest common divisor of 1089 and 297?
99
Calculate the greatest common divisor of 1353 and 123.
123
Calculate the greatest common divisor of 5678 and 34.
34
What is the greatest common divisor of 194 and 1261?
97
Calculate the greatest common divisor of 11 and 539.
11
Calculate the highest common divisor of 814 and 74.
74
Calculate the greatest common factor of 30 and 285.
15
What is the greatest common factor of 19128 and 72?
24
Calculate the highest common factor of 638 and 11.
11
Calculate the highest common factor of 275 and 176.
11
Calculate the greatest common factor of 2460 and 15.
15
Calculate the highest common divisor of 25278 and 6